24 - ((-497 - -515) + (0 - 42))?
48
Calculate 90 - ((-211 - -209) + (0 - -12)) - 16.
64
Evaluate -101 - -2 - (-8657 - -8570).
-12
Evaluate (59 + -28 - 29) + (-11 - -5) + 23.
19
64 - ((13 - (11 + -12)) + -12) - -10
72
What is the value of (11 - 1) + (2 - 9) + 44?
47
Calculate 1 - -45 - 52 - 24.
-30
Evaluate -2 - -65 - (119 - (-120 - -195)).
19
Calculate 15 - 2 - (-119 + 56 - -30).
46
What is the value of 11 - 7 - (25 + 16 + -16)?
-21
Calculate 6 + 74 + (-54 - 52).
-26
99 + -109 - (10 + 25)
-45
What is -391 + 389 + -1 + -13 - 1 - -93?
76
Evaluate -46 + 15 + (-99 - -29) + 30.
-71
What is the value of 6 + -2 + 3 + -1 + -6 + 38 + 28?
66
Evaluate -13 + (-1 - 2) + (10 + -6 - 8) + 3.
-17
Evaluate (119 - 2) + 1 + -6817 + 6834 + -24.
111
What is the value of 7 - -4 - (3 + (-57 - -54))?
11
Evaluate -34 - ((-56 - 2) + 138).
-114
-131 + (27 - (8 + -56) - 36)
-92
42 + (61 + -40 - (22 + 8))
33
Evaluate 12 - (1 + (15 - 7 - 25)) - 2.
26
What is 3953 - 3881 - (-2 + 29)?
45
Evaluate -67 - -51 - (1 + 11 + 9).
-37
What is the value of (6864 - 6837) + -108 + -1?
-82
Calculate 2 + 63 + (-25 + 7 + 33 - -5).
85
10 + 13 - 32 - 60
-69
What is the value of (18 + (-11 - -5) - 21 - -12) + 2 + -1?
4
What is -22 + 1 - (0 + -59) - -11?
49
Evaluate -36 + 18 - (-1 + -37 + 10).
10
What is the value of (-13 - (-9 + (17 - 7) + -8)) + 3 + 75?
72
-53 - (57 + -52) - -14
-44
(5 - (145 - -1)) + 2210 + -2178
-109
What is -120 - -2 - (2 + -13 - (-561 - -535))?
-133
What is -3 - 1 - (-9 + (9 - -21) - (2 - -3))?
-20
Evaluate (-23 - (2 + -6 + -17 + 107)) + -20.
-129
Calculate 127 - (-1 + 44 - -18).
66
What is the value of 6 - ((-24 - -22) + 59) - 6?
-57
Evaluate 17 + (-45 - (-15 - 8) - -19).
14
Evaluate (13 - (25 + 13 + -18)) + (2 - -42).
37
What is the value of (2 - 35) + (56 - 42)?
-19
Evaluate 0 + -51 - (4 - 73).
18
Calculate (87 - 62 - (0 - (-1 + (6 - -1)))) + 5.
36
Evaluate 1 + -37 - (106 - (28 + 86) - (2 - 7)).
-33
1 - 13 - ((-3 - -25) + (-77 - -6)) - 0
37
-26 + (-13 - (-17 + 7) - -27)
-2
Evaluate -22 + 6 + 24 - ((-2 - 49) + (-26 - -32)).
53
Calculate 1 + -9 - (-4 + -1 + 16 + -66).
47
What is 23 - -2 - (-680 + 703)?
2
-47 + 7 + (113 - 88)
-15
What is the value of -34 + (19 + -2 - (-87 + 101))?
-31
What is the value of -96 - (-13 - -73 - 175)?
19
What is the value of 9 - -3 - (40 - (-2 + 35))?
5
Evaluate (-2 - ((-2 - (2 + 4)) + -17 + 16)) + -73.
-66
Calculate (-2 - -1) + (308 - 297 - (0 - -23)).
-13
Evaluate (-170 - -106) + 11 + 2 + 0 + 1 - -10.
-40
What is the value of 20 + -50 - -2 - -14 - 8?
-22
Evaluate -34 + -33 - -19 - (-5 - -34).
-77
0 + 24 + -1514 + 1430
-60
45 - (9 + (1 - (30 + 20)))
85
Evaluate (-11 - -4 - 6 - -10) + -2 - 30.
-35
What is the value of (-431 - -427) + (-11 - (-9 + 3)) + -1 + 1?
-9
What is 1 + 80 - (134 + -30 + -94)?
71
-25 + ((160 - 13 - 9) + 1 - 7)
107
Calculate -53 + 75 + -146 + 81.
-43
Evaluate -1 + -27 - -1 - (355 + -481).
99
What is the value of 76 - (43 + -39 - -71)?
1
What is (-2 - (91 + -101)) + 95?
103
What is (-1 - -11) + (-107 - (-89 - -40))?
-48
Calculate 90 + (-101 - (49 + -63)).
3
What is the value of (-7 - (5 - 9) - -14) + (0 - 1) + 12?
22
What is (-49 - (36 - 55)) + 39?
9
(11 - (-1 + 4) - (-44 + 57)) + (153 - -2)
150
Evaluate 8 + 1 + (-16 - 16 - -92) + 19.
88
What is the value of 2 + -68 + (19 + -28 - (4 + -24 + 26))?
-81
Calculate 120 - (-80 + 307 + -61).
-46
(33 - (11 + -2)) + (20 - 12) - -5
37
Calculate 14 + 22 + (-45 - (8 - 72)).
55
Evaluate -1 + 105 - (48 - 18).
74
What is the value of -16 - -2 - (137 + -46 + -115)?
10
Evaluate 14 - (47 + -5 + 1 + -341 + 350).
-38
What is (-562 - -543) + (-12 - (-1 - -4))?
-34
What is 10 + (-4 - 45 - -49 - (-1 - 1 - -1))?
11
Calculate -7 - (-4 + -12 + -17 + 31 + 7).
-12
What is -5 + 4 + -5 + (-1 - (6 + -20))?
7
What is the value of -55 + (-36 - (-14 + 6)) - -34?
-49
What is the value of -10 - (3 - (10 - 14) - 2 - 50) - -1?
36
What is (-9 + 4 - -4) + (-79 - -62)?
-18
(36 + -1 - 41) + -16 + 1
-21
Evaluate -19 + (-38 + 17 + 2 - -32).
-6
What is (-86 - -89 - -198) + -95?
106
45 - 147 - -36 - (-13 + 1)
-54
Calculate -50 - (-154 - -96) - (-15 - (-3 + 4)).
24
Evaluate -3 + (-34 - (-40 - 6)) + 1 + -13.
-3
Calculate (-9 - -10 - -27) + 6 - 4.
30
What is 101 + 30 - (-6 + 0 + 13)?
124
Calculate 21 + (-5 + 5 + 3 + 11 - 19).
16
What is the value of 51 + (-91 - -39) + (-120 - -16)?
-105
(-44 - (-2 + -1 - (-112 + 123))) + -5
-35
Evaluate (-5 - (6 + 0 + -4)) + (-5 - (-1 - -46)).
-57
Calculate 13 + (1 - 1 - 33 - (-10221 - -10217)).
-16
What is 21 + -22 - (0 + -5) - (15 + -33)?
22
What is the value of -1 + -4 + (138 - 276 - -132)?
-11
Calculate 36 + -18 + (-4 - -18 - -11).
43
What is (1 + -40 - 2) + (-8 - -1) + 529 + -523?
-42
What is the value of 10 + (-79 - (1 - (-2 + -9 + 10)))?
-71
What is 4 + -67 + -71 + 81 + (-11 - -2)?
-62
What is the value of 44 + -115 + (85 - 56)?
-42
Calculate (-41 - (-5 + -4)) + (4 - -8).
-20
Calculate -5 + -2 + 6 + (-3 - -1 - (-61 - -147)).
-89
-17 + 14 + -25 + 34 - -6
12
-15 - (2 + 2 + 9 + (664 - 653))
-39
What is -45 - (30 - (111 + -5))?
31
What is (16815 - 17036) + (123 - 0)?
-98
Evaluate 52 - (-3 + -14 - -6) - (-13 - -13 - 0).
63
What is the value of 45 + -55 + (27 - 7) + -63?
-53
What is the value of 522 + -537 + (-2 - 26) + (1 - -14)?
-28
What is -10 + -13 - 46 - -75?
6
What is -131 + 11 + ((-9 - -13 - -3) + -11 - 9)?
-133
3 + -29 + (37 - 18) - -19
12
Calculate 18 + (-13 - 18 - -60 - 81).
-34
Calculate -17 + -15 + 4 + -4 + 45.
13
What is -2 + (-10 - (14 - 12) - -52) - (-1 - -2)?
37
Evaluate -183 - -305 - (77 + 4).
41
Calculate 10 + 94 + -52 + -88.
-36
Evaluate 49 - 46 - 10 - (11 + 1).
-19
Calculate 1 + -93 + (-143 + 99 - -55).
-81
Evaluate 71 + -80 + -86 + 56.
-39
Evaluate (101 + -35 - 8) + -125.
-67
What is -1802 + 1791 + (-1 - -55)?
43
Calculate -16 + 13 + 11 - (-42 - 2 - (-6 + 3)).
49
Calculate -488 + 404 + -5 + -3.
-92
What is the value of -2 + -2 + 32 + 13 + -11 + (-4 - 5)?
21
Evaluate 69 + -3 - -7 - (2 + (13 - 0) + -23).
81
6 - (11 + (0 - 5 - -9) - -9) - -5
-13
6 + -1 + -45 + 11 + -7
-36
Calculate 10 - (20 + (26 - 11) + 5 - (2 + 0)).
-28
(-38 - -61 - -19 - 48) + -94 + 2
-98
-76 + (104 - (16 - -116))
-104
39 - (-28 + 66) - 31
-30
What is -28 + 127 + -27 + 39 + -32?
79
What is the value of -497 - -460 - (3 - (-8 - 41))?
-89
-1 - (0 + 14 - (-5 + 20 + -20))
-20
-4 + (7 - (4 + 6 + -8)) + -37
-36
Evaluate 2 + -25 + (224 - 197).
4
Calculate (-1 - -6 - (200 + -213)) + -22 + 21.
17
Calculate 16 - (21 + 18 + -45).
22
What is (-64 - (19 - 49)) + (-2 - -23)?
-13
Evaluate (-31 - -25) + 1 + 18 + -1 - (-72 - 2).
86
What is -10 - (41 + -3 + 1 + 1 - (75 - 67))?
-42
Evaluate -9 - -1 - (-65 + 0 - ((305 - 126) + -173)).
63
What is 16 + -234 + 248 + (-1 - 15) + 98?
112
What is -14 + 3 - -35 - -20 - 12?
32
What is the value of 48 - 155 - (-141 - -91)?
-57
25 + (18 - 28) + (-11 - 1) + 2
5
What is 79 + -1 + (-10 - (-17 + 21 + -5 + -8))?
77
What is the value of 2 - 9 - (-10 - (2 + -14)) - -40?
31
Evaluate 2 + -11 + ((17 - -35) + -49 - (1 - -10)).
-17
What is -2 + -19 - (53 - 72) - ((4 - 42) + 0)?
36
What is the value of (-11 - -8 - -101) + (-124 - -103)?
77
(-49 - -61) + (-2 - 21) - -8
-3
Evaluate 4 + -12 + (-19 - (-31 + 8)) + 17.
13
Evaluate 123 - (138 - (-41 - 49)).
-105
Evaluate (12 + -35 + 34 - (12 - 1)) + 9 + 37.
46
What is the value of -8 + (521 - 509 - (2 + 28))?
-26
What is the value of -1 + 1 - ((1 - (-43 - -48)) + 4)?
0
What is the value of -19 + 1 + (14 - (3 - -24) - -26)?
-5
4 + -13 + 30 + (32 - 13)
40
What is -29 + (13 - (-36 + 33)) - -104?
91
What is -7 + -1 - (2 + -14 + (-28 - 0))?
32
(-427 - -420 - (-1 - -83)) + 2
-87
What is (-45 - -25) + -14 + -18 - -22?
-30
What is (-138 + 56 - -78) + -10 + 1?
-13
Evaluate 36 + (13 - 43) - (3 + 35).
-32
Calculate -24 + (4 + 1 + -3 - (-190 + 194)).
-26
54 + 10 + (1 + (-16 - (1 + -8)) - 8)
48
What is 38 + -54 + 28 - (-1 + (18 - -1))?
-6
What is the value of -19 + 0 - (-21 + 18) - -23 - (61 - 3)?
-51
Calculate (-12 - (-37 - (3 - 11))) + 2.
19
84 + -120 + 56 + -1
19
What is 108 - (34 - (-2 - (-20 - -2)))?
90
What is (9 - -25) + (-2 - 20) - 3?
9
What is -7 + (22 + -21 - 3 - (1 - 3)) - 42?
-49
8 - (-10 + (-18 - -5) + 135)
-104
Evaluate 1 + 61 + (-20 - 26 - -33) + (-19 - -8).
38
(122 - 189) + 56 - -80
69
Calculate 5 + 22 + -17 + 7 + -57 - -2.
-38
What is 2 + -